6.
82
Let v = 694 - 229. What is the remainder when v is divided by 98?
73
Calculate the remainder when ((-22770)/(-45))/(-22)*-8*28 is divided by 15.
7
Let u be 1 + -2 + 1/(-1)*9. Let l be (14/(-15) + (-6)/u)*6. What is the remainder when 21 is divided by -1*(2 - l) + 12?
5
Let m be -3 - -2 - 3/1*1. Let y be (m/(-7))/(4/14) + 2. Suppose -a = -y*a + 60. Calculate the remainder when a is divided by 6.
2
Let p(d) = -d**3 + 20*d**2 + 6*d - 350. Calculate the remainder when p(19) is divided by 36.
17
Calculate the remainder when 563 is divided by (-12122)/(-66) - 6/9.
14
Suppose -32*u - 10337 = 2975. Let f = -368 - u. Calculate the remainder when 135 is divided by f.
39
Let d(r) = 92*r + 487. Calculate the remainder when d(-3) is divided by 53.
52
Let v be (-3)/(-7) + 4/(56/218). Suppose 0 = 10*s - v*s + 30. Let i(z) = 3*z**2 - z - 8. What is the remainder when i(s) is divided by 16?
14
Let g(n) = 6*n - 56. Let f(v) = 13*v - 110. Let j(k) = -2*f(k) + 5*g(k). Let q be j(25). What is the remainder when 29 is divided by (2 + -1 + 2)*q/15?
5
Let o be (-5 + 507/12)*8. Let q = o - 268. Calculate the remainder when 74 is divided by q.
14
Let b(g) = -g**2 + 48*g. Let x(t) = -t**2 + 48*t + 46. Let i be x(48). Calculate the remainder when b(i) is divided by 40.
12
Suppose y + a + 8 = 0, -2*y = -6*y - 5*a - 34. Calculate the remainder when ((-22)/4 - y)*246 is divided by 18.
15
Let g(h) = 11*h**3 - 3*h**2 + 10*h - 11. Let i(x) = x**3 + 18*x**2 - 18*x + 21. Let j be i(-19). What is the remainder when g(j) is divided by 11?
8
What is the remainder when 43/(4515/(-1170))*-14 is divided by 114?
42
Suppose -16*v + 7*v = -144. Calculate the remainder when (1196/(-12) - -5)*-3 is divided by v.
12
Suppose -19*d + 754 + 6849 = -5488. What is the remainder when d is divided by 17?
9
What is the remainder when 421 is divided by 2/(-4)*(-293 + -23)?
105
Let t(j) = j - 12. Let k(i) = -3. Let x(d) = 6*k(d) - 3*t(d). Let q(u) = 22*u - 9. What is the remainder when x(-15) is divided by q(1)?
11
Let g be ((-54)/(-135))/(1 - 91/90). Let x = 69 + g. Calculate the remainder when 91 is divided by x.
25
Suppose 177 = 5*i + w, 7*i = 6*i - 3*w + 55. Calculate the remainder when 3603 is divided by i.
33
Let x(k) = 4*k**2 + 49*k - 17. What is the remainder when 333 is divided by x(-14)?
9
Suppose 164*o = -2*k + 159*o + 292, 3*o = 12. Calculate the remainder when k is divided by 26.
6
Let u be (3 + 0 + -2)*(-366)/(-6). Suppose m = -z + u, 0*z + 5*m + 271 = 4*z. Calculate the remainder when z is divided by 33.
31
Suppose -803 = -12*n - 6*n + 619. Suppose 5208 = -v + 7*v. What is the remainder when v is divided by n?
78
Suppose 1134 + 3848 = 34*h + 13*h. What is the remainder when 252 is divided by h?
40
Let d(a) = a - 8. Let w be d(9). Let j = 9 + w. Suppose x - 63 = -j. What is the remainder when x is divided by 18?
17
Let w(m) = m**3 + 21*m**2 + 59*m - 130. Calculate the remainder when 815 is divided by w(-16).
197
Suppose 95 = 12*k - 385. Calculate the remainder when k is divided by 14.
12
Let y be ((-18)/(-4) + -3)/(6/(-36)). Let k = y - -66. What is the remainder when k is divided by 29?
28
Let y(s) = s**2 + 71*s + 846. What is the remainder when y(-61) is divided by 40?
36
Let q = 51 + -8. Suppose -t - 10 = -2*a - q, 5*a = -3*t + 110. Let x(j) = -11*j - 65. What is the remainder when t is divided by x(-7)?
11
Suppose 0 = 22*c - 20*c - p - 90, -3*c - 3*p + 144 = 0. What is the remainder when 1700 is divided by c?
44
Let n(p) = 2*p**3 + 6*p**2 - 14. Let f be n(-7). Let a = -333 - f. What is the remainder when a is divided by 3?
1
Let w be (-58059)/(-36) - 2/(-8). Suppose 5*t - 292 - w = 0. Calculate the remainder when t is divided by 32.
29
Suppose -s = 5*x - 18, 2*x + 2*s - 4*s - 12 = 0. What is the remainder when 190 is divided by ((-147)/(-6))/(((-2)/x)/(-1))?
43
Suppose 256*u + 38 = 258*u. Calculate the remainder when 2097 is divided by u.
7
Let v be (-3 + 1)*(10/(-4))/5. Let s = v + 14. What is the remainder when 54 is divided by s?
9
Suppose -546*f + 550*f = -33 + 209. Calculate the remainder when 2417 is divided by f.
41
Let i(m) = 1131*m + 3457. Calculate the remainder when 94 is divided by i(-3).
30
Let a = 1172 - -99. Calculate the remainder when a is divided by 317.
3
Suppose 5*q = 34 + 21. Let y = q - -8. Suppose -9 - 18 = -3*i - 3*t, 0 = -6*i - t + 59. What is the remainder when y is divided by i?
9
Let d = -96 + 96. Suppose 0 = -2*v - d*v - n + 60, -4 = 2*n. Let h = -4 + v. Calculate the remainder when h is divided by 14.
13
Let v(x) = x**2 - 3*x - 5. Let c be v(5). Let s = 217 + -195. Let r = s - c. What is the remainder when 49 is divided by r?
15
Let o = 8329 + -4782. What is the remainder when o is divided by 53?
49
Let y(a) = 2*a**2 + 134*a + 958. Let s(m) = -16*m - 1. What is the remainder when s(-6) is divided by y(-59)?
11
Let h = 210 - 119. Suppose -864 - 925 = -27*n - 1087. What is the remainder when h is divided by n?
13
Suppose -s + 11 = 3*n - 5, -3*n - 46 = -s. Let h(c) = 2*c + s + 7 - 10. What is the remainder when h(18) is divided by 22?
20
Let u(i) = -4*i + 87. Let c(a) = -27*a - 8. Let v be c(-1). Let o = 77 + -39. Calculate the remainder when o is divided by u(v).
5
Suppose 0 = -0*x - 8*x + 56. Suppose 0 = -13*f + x*f + 162. What is the remainder when f is divided by 6?
3
Let o(b) = 3202*b**3 + 2*b**2 + 5*b + 4. Let w be o(-1). Calculate the remainder when 385 is divided by w/(-66)*(-2 + 4).
94
Let w(s) = 222*s**2 + 3*s + 1. Suppose 51*h - 74*h + 606 = 78*h. Calculate the remainder when w(-1) is divided by h.
4
Calculate the remainder when 287 is divided by -2 - (-26 - ((5 - -3) + -9)).
11
Let f(w) = 2*w**3 - 110*w**2 + 2*w - 103. What is the remainder when 941 is divided by f(55)?
3
Let c be 712/(-12)*(-6 - 63/(-14)). Suppose -14 + c = 2*z + t, -71 = -2*z - 5*t. Calculate the remainder when 129 is divided by z.
15
Let m(p) = -7*p - 2. Suppose 0*v + 150 = 2*v. Suppose 0 = -21*k + 26*k - v. What is the remainder when m(-4) is divided by k?
11
Suppose 5*m + 4*n = 14472, -28022 + 4874 = -8*m - 4*n. What is the remainder when m is divided by 63?
57
Suppose -12*x - 129 = -15*x + 3*g, 0 = -g + 4. Suppose 0 = -3*d - 2*d + 700. Calculate the remainder when d is divided by x.
46
Let t(u) = u**3 - 30*u**2 + 84*u - 49. Suppose 5*h - 10*h + 445 = 0. What is the remainder when h is divided by t(27)?
25
Let k = 554 + -476. Calculate the remainder when 24 is divided by (20/(-6))/((-26)/k).
4
Suppose 0 = -k + d - 2*d + 184, 4*d + 174 = k. What is the remainder when k is divided by 46?
44
Let a = -41 + 45. Suppose 5*r - 56 = r - a*s, -5*r = 2*s - 82. Suppose -135 = -2*t + 3*o, -4*t + 89 = -o - 186. Calculate the remainder when t is divided by r.
15
Calculate the remainder when (-21)/7 - (1*5 - (683 + -30)) is divided by 82.
71
Let c(x) be the first derivative of 9*x**2 - 2*x + 7. Suppose -10 = 9*z - 19. Calculate the remainder when c(z) is divided by 2.
0
Suppose 5044*q - 5070*q = -2912. Calculate the remainder when q is divided by 54 + -6*(-3)/6.
55
Let f(n) = -4*n**3 - 20*n**2 - 29*n - 4. Let r be f(-8). Suppose -12*q - r = -24*q. What is the remainder when q is divided by 24/1 - (0 + 2)?
17
Calculate the remainder when 11021 is divided by (-2 - -2 - 8) + -4 + 132 + -14.
103
Let p = 6782 + -6734. What is the remainder when 244 is divided by p?
4
Suppose -3*o + 5*t = 54 + 203, 0 = -3*t - 6. Let i = o + 98. Let s(k) = k**3 - 9*k**2 + k + 4. Calculate the remainder when 24 is divided by s(i).
11
Suppose 0 = -3*m - 4*z + 3*z + 62, 64 = 2*m - 5*z. Let s be (-4)/m + 5814/33. Suppose -s = -5*p + 134. Calculate the remainder when p is divided by 13.
10
Suppose -5*m + 3167 = -4*g, 13*m = 15*m - g - 1271. Calculate the remainder when m is divided by 27.
18
Suppose 0 = 2*b - 127 + 1. Let r(y) = 3*y**3 + 24*y**2 + 20*y + 8. What is the remainder when b is divided by r(-7)?
3
Suppose 87*k - 157*k + 9417 + 28593 = 0. Calculate the remainder when k is divided by 16.
15
Let m be (-4 - -2 - -4)/(2/(-68)). Let w = m - -59. Calculate the remainder when (w/2*112/12)/(-1) is divided by 9.
6
Let c(m) = m**3 + 25*m**2 - 80*m + 203. Calculate the remainder when 1993 is divided by c(-28).
82
Let j(l) = 165*l**2 + 4*l - 107. Calculate the remainder when j(-4) is divided by 140.
137
Sup